{"id":2,"date":"2022-07-12T05:26:21","date_gmt":"2022-07-12T05:26:21","guid":{"rendered":"http:\/\/135.125.133.32\/?page_id=2"},"modified":"2022-09-05T13:43:03","modified_gmt":"2022-09-05T10:43:03","slug":"sample-page","status":"publish","type":"page","link":"https:\/\/oulunsoittoniekka.fi\/?page_id=2","title":{"rendered":"Yhti\u00f6tiedot"},"content":{"rendered":"\n<p>As Oy Oulun Soittoniekka sijaitsee uuteen Hiukkavaaraan kuuluvalle Soittajankankaan alueella ja sen on rakennuttanut Tarmo-Rakenne Oy. Yhti\u00f6 muodostuu 23 erillistalosta, kooltaan 80,5\u2013118,5 m2 (3\u20135 h+k+s). Talot A, B ja D valmistuivat vuonna 2021 ja C-talo 2022. <br>Yhti\u00f6 sijaitsee vuokratontilla, jonka vuokraajana on Oulun kaupunki.<\/p>\n\n\n\n<p>Kaikkiiin asuntoihin sis\u00e4ltyy l\u00e4mmin varasto\/tekninen tila sek\u00e4 autokatospaikka ja toinen autopaikka huoneiston edess\u00e4. Lis\u00e4ksi yhti\u00f6ss\u00e4 on v\u00e4est\u00f6nsuojarakennuksen yhteydess\u00e4 jokaiselle huoneistolle oma h\u00e4kkivarasto.<br><br>Soittajankangas on uutena, kasvavana alueena erityisesti lapsiperheiden suosiossa ja Soittoniekan naapurista l\u00f6ytyykin p\u00e4iv\u00e4koti. Lis\u00e4ksi l\u00e4hialueella on loistavat ulkoilumahdollisuudet ja Hiukkavaaran kattavat palvelut lyhyen k\u00e4velymatkan p\u00e4\u00e4ss\u00e4.<\/p>\n\n\n\n<p><\/p>\n\n\n\n<figure class=\"wp-block-image size-full is-style-default\"><img loading=\"lazy\" decoding=\"async\" width=\"1752\" height=\"1386\" src=\"https:\/\/oulunsoittoniekka.fi\/wp-content\/uploads\/2022\/07\/soittoniekka-asemapiirros.png\" alt=\"\" class=\"wp-image-308\" srcset=\"https:\/\/oulunsoittoniekka.fi\/wp-content\/uploads\/2022\/07\/soittoniekka-asemapiirros.png 1752w, https:\/\/oulunsoittoniekka.fi\/wp-content\/uploads\/2022\/07\/soittoniekka-asemapiirros-300x237.png 300w, https:\/\/oulunsoittoniekka.fi\/wp-content\/uploads\/2022\/07\/soittoniekka-asemapiirros-1024x810.png 1024w, https:\/\/oulunsoittoniekka.fi\/wp-content\/uploads\/2022\/07\/soittoniekka-asemapiirros-768x608.png 768w, https:\/\/oulunsoittoniekka.fi\/wp-content\/uploads\/2022\/07\/soittoniekka-asemapiirros-1536x1215.png 1536w, https:\/\/oulunsoittoniekka.fi\/wp-content\/uploads\/2022\/07\/soittoniekka-asemapiirros-660x522.png 660w, https:\/\/oulunsoittoniekka.fi\/wp-content\/uploads\/2022\/07\/soittoniekka-asemapiirros-607x480.png 607w, https:\/\/oulunsoittoniekka.fi\/wp-content\/uploads\/2022\/07\/soittoniekka-asemapiirros-255x202.png 255w\" sizes=\"auto, (max-width: 1752px) 100vw, 1752px\" \/><\/figure>\n","protected":false},"excerpt":{"rendered":"<p>As Oy Oulun Soittoniekka sijaitsee uuteen Hiukkavaaraan kuuluvalle Soittajankankaan alueella ja sen on rakennuttanut Tarmo-Rakenne Oy. Yhti\u00f6 muodostuu 23 erillistalosta, kooltaan 80,5\u2013118,5 m2 (3\u20135 h+k+s).&hellip;<\/p>\n","protected":false},"author":1,"featured_media":0,"parent":0,"menu_order":0,"comment_status":"closed","ping_status":"open","template":"","meta":{"footnotes":""},"class_list":["post-2","page","type-page","status-publish","hentry"],"_links":{"self":[{"href":"https:\/\/oulunsoittoniekka.fi\/index.php?rest_route=\/wp\/v2\/pages\/2","targetHints":{"allow":["GET"]}}],"collection":[{"href":"https:\/\/oulunsoittoniekka.fi\/index.php?rest_route=\/wp\/v2\/pages"}],"about":[{"href":"https:\/\/oulunsoittoniekka.fi\/index.php?rest_route=\/wp\/v2\/types\/page"}],"author":[{"embeddable":true,"href":"https:\/\/oulunsoittoniekka.fi\/index.php?rest_route=\/wp\/v2\/users\/1"}],"replies":[{"embeddable":true,"href":"https:\/\/oulunsoittoniekka.fi\/index.php?rest_route=%2Fwp%2Fv2%2Fcomments&post=2"}],"version-history":[{"count":15,"href":"https:\/\/oulunsoittoniekka.fi\/index.php?rest_route=\/wp\/v2\/pages\/2\/revisions"}],"predecessor-version":[{"id":494,"href":"https:\/\/oulunsoittoniekka.fi\/index.php?rest_route=\/wp\/v2\/pages\/2\/revisions\/494"}],"wp:attachment":[{"href":"https:\/\/oulunsoittoniekka.fi\/index.php?rest_route=%2Fwp%2Fv2%2Fmedia&parent=2"}],"curies":[{"name":"wp","href":"https:\/\/api.w.org\/{rel}","templated":true}]}}