{"id":61,"date":"2022-07-12T15:43:37","date_gmt":"2022-07-12T12:43:37","guid":{"rendered":"https:\/\/oulunsoittoniekka.fi\/?page_id=61"},"modified":"2022-09-06T21:04:50","modified_gmt":"2022-09-06T18:04:50","slug":"huoltokirja","status":"publish","type":"page","link":"https:\/\/oulunsoittoniekka.fi\/?page_id=61","title":{"rendered":"Asunnon huoltokirja"},"content":{"rendered":"\n<p><strong>Kopioi huoltokortin pohja vuosittain ja t\u00e4yt\u00e4 sit\u00e4 mukaa, kun teet huoltoja.<\/strong><\/p>\n\n\n\n<div class=\"wp-block-columns is-layout-flex wp-container-core-columns-is-layout-9d6595d7 wp-block-columns-is-layout-flex\">\n<div class=\"wp-block-column is-layout-flow wp-block-column-is-layout-flow\">\n<p>Pdf-tiedostona<\/p>\n<\/div>\n\n\n\n<div class=\"wp-block-column is-layout-flow wp-block-column-is-layout-flow\">\n<div class=\"wp-block-file\"><a id=\"wp-block-file--media-67014936-d72d-4354-9ad5-08c3797053b2\" href=\"http:\/\/oulunsoittoniekka.fi\/wp-content\/uploads\/2022\/07\/asunnon-huoltokortti.pdf\">asunnon-huoltokortti.pdf<\/a><a href=\"http:\/\/oulunsoittoniekka.fi\/wp-content\/uploads\/2022\/07\/asunnon-huoltokortti.pdf\" class=\"wp-block-file__button\" download aria-describedby=\"wp-block-file--media-67014936-d72d-4354-9ad5-08c3797053b2\">Lataa<\/a><\/div>\n<\/div>\n<\/div>\n\n\n\n<div class=\"wp-block-columns is-layout-flex wp-container-core-columns-is-layout-9d6595d7 wp-block-columns-is-layout-flex\">\n<div class=\"wp-block-column is-layout-flow wp-block-column-is-layout-flow\">\n<p>Excel-tiedostona<\/p>\n<\/div>\n\n\n\n<div class=\"wp-block-column is-layout-flow wp-block-column-is-layout-flow\">\n<div class=\"wp-block-file\"><a id=\"wp-block-file--media-ff2c4752-8a8b-4399-949a-61bcce0916cc\" href=\"http:\/\/oulunsoittoniekka.fi\/wp-content\/uploads\/2022\/07\/asunnon-huoltokortti.xlsx\">asunnon-huoltokortti.xlsx<\/a><a href=\"http:\/\/oulunsoittoniekka.fi\/wp-content\/uploads\/2022\/07\/asunnon-huoltokortti.xlsx\" class=\"wp-block-file__button\" download aria-describedby=\"wp-block-file--media-ff2c4752-8a8b-4399-949a-61bcce0916cc\">Lataa<\/a><\/div>\n<\/div>\n<\/div>\n\n\n\n<p><\/p>\n\n\n\n<hr class=\"wp-block-separator has-alpha-channel-opacity\"\/>\n\n\n\n<p><\/p>\n\n\n\n<h2 class=\"wp-block-heading\">Asukkaan suorittama huolto-ohjelma<\/h2>\n\n\n\n<figure class=\"wp-block-table is-style-regular\"><table><thead><tr><th class=\"has-text-align-left\" data-align=\"left\">Teht\u00e4v\u00e4<\/th><th class=\"has-text-align-center\" data-align=\"center\">krt\/vuosi<\/th><\/tr><\/thead><tbody><tr><td class=\"has-text-align-left\" data-align=\"left\"><strong>Ikkunat, ovet, parvekelasit<\/strong> (katso <a href=\"https:\/\/oulunsoittoniekka.fi\/?page_id=260\" data-type=\"page\" data-id=\"260\">ohjeet<\/a>)<\/td><td class=\"has-text-align-center\" data-align=\"center\">&nbsp;<\/td><\/tr><tr><td class=\"has-text-align-left\" data-align=\"left\">ovien saranoiden ja lukkojen voitelu<\/td><td class=\"has-text-align-center\" data-align=\"center\">1<\/td><\/tr><tr><td class=\"has-text-align-left\" data-align=\"left\">ovien s\u00e4\u00e4t\u00f6 (tarvittaessa)<\/td><td class=\"has-text-align-center\" data-align=\"center\">1<\/td><\/tr><tr><td class=\"has-text-align-left\" data-align=\"left\">ovenpainikkeiden tarkastus ja kunnostus<\/td><td class=\"has-text-align-center\" data-align=\"center\">1<\/td><\/tr><tr><td class=\"has-text-align-left\" data-align=\"left\">ikkunoiden pesu<\/td><td class=\"has-text-align-center\" data-align=\"center\">2<\/td><\/tr><tr><td class=\"has-text-align-left\" data-align=\"left\">ikkunoiden k\u00e4ynnin tarkastus<\/td><td class=\"has-text-align-center\" data-align=\"center\">2<\/td><\/tr><tr><td class=\"has-text-align-left\" data-align=\"left\">tiivisteiden kunnon tarkastus\/korjaus<\/td><td class=\"has-text-align-center\" data-align=\"center\">1<\/td><\/tr><tr><td class=\"has-text-align-left\" data-align=\"left\">&nbsp;<\/td><td class=\"has-text-align-center\" data-align=\"center\">&nbsp;<\/td><\/tr><tr><td class=\"has-text-align-left\" data-align=\"left\"><strong>Keitti\u00f6, kodinhoitohuone<\/strong> (katso <a href=\"https:\/\/oulunsoittoniekka.fi\/?page_id=260\" data-type=\"page\" data-id=\"260\">ohjeet<\/a>)<\/td><td class=\"has-text-align-center\" data-align=\"center\">&nbsp;<\/td><\/tr><tr><td class=\"has-text-align-left\" data-align=\"left\">liesikuvun rasvasuodattimen pesu<\/td><td class=\"has-text-align-center\" data-align=\"center\">12<\/td><\/tr><tr><td class=\"has-text-align-left\" data-align=\"left\">j\u00e4\u00e4kaapin taustan imurointi<\/td><td class=\"has-text-align-center\" data-align=\"center\">2<\/td><\/tr><tr><td class=\"has-text-align-left\" data-align=\"left\">hajulukon puhdistus (tarvittaessa)<\/td><td class=\"has-text-align-center\" data-align=\"center\">1<\/td><\/tr><tr><td class=\"has-text-align-left\" data-align=\"left\">vesikalusteiden liit\u00e4nt\u00f6jen tiiviyden tarkastus<\/td><td class=\"has-text-align-center\" data-align=\"center\">1<\/td><\/tr><tr><td class=\"has-text-align-left\" data-align=\"left\">vesikalusteiden poresuuttimien puhdistus<\/td><td class=\"has-text-align-center\" data-align=\"center\">2<\/td><\/tr><tr><td class=\"has-text-align-left\" data-align=\"left\">Ilmanvaihtokoneen suodattimien vaihto<\/td><td class=\"has-text-align-center\" data-align=\"center\">2<\/td><\/tr><tr><td class=\"has-text-align-left\" data-align=\"left\">&nbsp;<\/td><td class=\"has-text-align-center\" data-align=\"center\">&nbsp;<\/td><\/tr><tr><td class=\"has-text-align-left\" data-align=\"left\"><strong>Kylpyhuone, sauna, ja wc<\/strong> (katso <a href=\"https:\/\/oulunsoittoniekka.fi\/?page_id=260\" data-type=\"page\" data-id=\"260\">ohjeet<\/a>)<\/td><td class=\"has-text-align-center\" data-align=\"center\">&nbsp;<\/td><\/tr><tr><td class=\"has-text-align-left\" data-align=\"left\">poistoilmaventtiilien puhdistus<\/td><td class=\"has-text-align-center\" data-align=\"center\">1<\/td><\/tr><tr><td class=\"has-text-align-left\" data-align=\"left\">saumojen kunnon tarkastus<\/td><td class=\"has-text-align-center\" data-align=\"center\">2<\/td><\/tr><tr><td class=\"has-text-align-left\" data-align=\"left\">lattiakaivojen puhdistus (tarvittaessa)<\/td><td class=\"has-text-align-center\" data-align=\"center\">2<\/td><\/tr><tr><td class=\"has-text-align-left\" data-align=\"left\">hajulukkojen puhdistus (tarvittaessa)<\/td><td class=\"has-text-align-center\" data-align=\"center\">2<\/td><\/tr><tr><td class=\"has-text-align-left\" data-align=\"left\">vesikalusteiden liit\u00e4nt\u00f6jen tiiviyden tarkastus<\/td><td class=\"has-text-align-center\" data-align=\"center\">1<\/td><\/tr><tr><td class=\"has-text-align-left\" data-align=\"left\">hajulukon puhdistus (tarvittaessa)<\/td><td class=\"has-text-align-center\" data-align=\"center\">1<\/td><\/tr><tr><td class=\"has-text-align-left\" data-align=\"left\">saunan ja pesuhuoneen perussiivous<\/td><td class=\"has-text-align-center\" data-align=\"center\">2<\/td><\/tr><tr><td class=\"has-text-align-left\" data-align=\"left\">kiuaskivien vaihtaminen<\/td><td class=\"has-text-align-center\" data-align=\"center\">1 * <\/td><\/tr><tr><td class=\"has-text-align-left\" data-align=\"left\">&nbsp;<\/td><td class=\"has-text-align-center\" data-align=\"center\">&nbsp;<\/td><\/tr><tr><td class=\"has-text-align-left\" data-align=\"left\"><strong>Makuuhuoneet ja olohuone<\/strong> (katso <a href=\"https:\/\/oulunsoittoniekka.fi\/?page_id=260\" data-type=\"page\" data-id=\"260\">ohjeet<\/a>)<\/td><td class=\"has-text-align-center\" data-align=\"center\">&nbsp;<\/td><\/tr><tr><td class=\"has-text-align-left\" data-align=\"left\">tuloilmaventtiilien puhdistus<\/td><td class=\"has-text-align-center\" data-align=\"center\">1<\/td><\/tr><tr><td class=\"has-text-align-left\" data-align=\"left\">palovaroittimen pariston uusiminen<\/td><td class=\"has-text-align-center\" data-align=\"center\">1<\/td><\/tr><tr><td class=\"has-text-align-left\" data-align=\"left\">&nbsp;<\/td><td class=\"has-text-align-center\" data-align=\"center\">&nbsp;<\/td><\/tr><tr><td class=\"has-text-align-left\" data-align=\"left\"><strong>Muut toimenpiteet<\/strong><\/td><td class=\"has-text-align-center\" data-align=\"center\">&nbsp;<\/td><\/tr><tr><td class=\"has-text-align-left\" data-align=\"left\">laude- ja saunasuojak\u00e4sittely saunassa<\/td><td class=\"has-text-align-center\" data-align=\"center\">joka 3.v<\/td><\/tr><tr><td class=\"has-text-align-left\" data-align=\"left\">kalusteiden saranoiden kiristys<\/td><td class=\"has-text-align-center\" data-align=\"center\">2<\/td><\/tr><\/tbody><\/table><\/figure>\n\n\n\n<p class=\"has-small-font-size\"><em>* saunan kivien vaihtov\u00e4li ~100 saunomiskertaa<\/em>, jos saunoo 2 krt viikossa tulisi kivet vaihtaa noin vuoden v\u00e4lein<\/p>\n","protected":false},"excerpt":{"rendered":"<p>Kopioi huoltokortin pohja vuosittain ja t\u00e4yt\u00e4 sit\u00e4 mukaa, kun teet huoltoja. Pdf-tiedostona Excel-tiedostona Asukkaan suorittama huolto-ohjelma Teht\u00e4v\u00e4 krt\/vuosi Ikkunat, ovet, parvekelasit (katso ohjeet) &nbsp; ovien&hellip;<\/p>\n","protected":false},"author":1,"featured_media":0,"parent":0,"menu_order":0,"comment_status":"closed","ping_status":"closed","template":"","meta":{"footnotes":""},"class_list":["post-61","page","type-page","status-publish","hentry"],"_links":{"self":[{"href":"https:\/\/oulunsoittoniekka.fi\/index.php?rest_route=\/wp\/v2\/pages\/61","targetHints":{"allow":["GET"]}}],"collection":[{"href":"https:\/\/oulunsoittoniekka.fi\/index.php?rest_route=\/wp\/v2\/pages"}],"about":[{"href":"https:\/\/oulunsoittoniekka.fi\/index.php?rest_route=\/wp\/v2\/types\/page"}],"author":[{"embeddable":true,"href":"https:\/\/oulunsoittoniekka.fi\/index.php?rest_route=\/wp\/v2\/users\/1"}],"replies":[{"embeddable":true,"href":"https:\/\/oulunsoittoniekka.fi\/index.php?rest_route=%2Fwp%2Fv2%2Fcomments&post=61"}],"version-history":[{"count":37,"href":"https:\/\/oulunsoittoniekka.fi\/index.php?rest_route=\/wp\/v2\/pages\/61\/revisions"}],"predecessor-version":[{"id":539,"href":"https:\/\/oulunsoittoniekka.fi\/index.php?rest_route=\/wp\/v2\/pages\/61\/revisions\/539"}],"wp:attachment":[{"href":"https:\/\/oulunsoittoniekka.fi\/index.php?rest_route=%2Fwp%2Fv2%2Fmedia&parent=61"}],"curies":[{"name":"wp","href":"https:\/\/api.w.org\/{rel}","templated":true}]}}